- (-8)/4)*5. Let c(v) = -v**3 - 6*v**2 - 7*v - 7. Calculate c(r).
3
Let p(g) = g**2 + 3*g + 4. Let t(u) = -u - u + 0*u + 0 - 1. Let r be t(1). Calculate p(r).
4
Let i(d) = d**2 - d. Let r(y) = -2*y**2 + 2*y. Suppose 6 = -0*g - 2*g. Let h(s) = g*r(s) - 7*i(s). Calculate h(-1).
-2
Let a(z) = -z**3 + 5*z**2 + 6*z + 1. Let v be a(6). Suppose -3*k + 8 = k. Let g(j) = -k*j**2 + j - v + j**3 - 3 + j. Calculate g(3).
11
Let x = 5 + -5. Let h(n) = x*n**3 - n**2 - n + n - n**3 - 1 + 2*n. What is h(-2)?
-1
Let s(m) be the third derivative of m**6/120 + m**5/60 + m**4/12 + m**3/6 - m**2. Let a be s(-1). Let g(y) = -9*y**3 + 2*y + 1. Calculate g(a).
8
Let b(t) = -t**3 + 7*t**2 + t. Suppose 2*p + 3*i = -1, 2*i = i - 5. Give b(p).
7
Let l(c) be the second derivative of c**3/3 - 3*c**2/2 - c. Calculate l(4).
5
Suppose -4*t - 5*l = 8, l - 9 = -5*t + 2. Let r(h) = h - 3*h**2 - 1 + h**3 + h + 0. Give r(t).
5
Let i be -183*(-2)/360 - 1. Let v(y) be the third derivative of 0 + 1/8*y**4 + i*y**5 + 0*y + y**2 - y**3. What is v(-5)?
4
Let a(n) = -n**2 + 5*n. Suppose 0*u = -u. Suppose k = -u + 2. Suppose -2*d - 4*g + 9 = -d, k*g = -d + 7. Give a(d).
0
Let v(t) be the third derivative of t**6/120 + t**5/15 - 5*t**4/24 - 5*t**3/6 + 41*t**2. Calculate v(-5).
-5
Let x(l) = 2*l - 1. Let z(t) = 11*t**2 - 3*t + 2. Let g be z(1). Suppose 0 = j + 4*j - g. What is x(j)?
3
Suppose -3 - 7 = 5*u. Let a(z) = z**2 + 2*z + z**2 + z. Give a(u).
2
Let w(c) = -c + 5. Let o be w(0). Let i(n) = 3 + o*n - 4*n - 2*n. Determine i(4).
-1
Let u(j) = 5*j**3 + 5*j**2 - 5. Let p(m) = m**3 - 1. Let o(t) = -4*p(t) + u(t). Calculate o(-5).
-1
Let s(i) = 2*i - 4. Let q(v) = -3*v + 5. Let k(b) = -3*q(b) - 4*s(b). Calculate k(0).
1
Let a(p) = 6*p**2 - 8*p - 6. Let j = -11 + 10. Let g(c) = -c**2 + c + 1. Let i(n) = j*a(n) - 5*g(n). Determine i(4).
-3
Suppose -6*g = -2*g + 20. Let z be 2/g - 115/25. Let o(b) = b**2 + 6*b + 3. Determine o(z).
-2
Let j = -1 - -21. Suppose -j = -2*y + h, y = 2*h + 20 - 4. Suppose 6*x - 2*x - y = 0. Let d(n) = -n**3 + 4*n**2 - n - 1. What is d(x)?
5
Let q(b) be the first derivative of -b**3/3 - 3*b**2 - 4*b + 10. Determine q(-6).
-4
Suppose 4*o + 0*o - 3*u + 26 = 0, -2*u - 6 = 2*o. Let z(y) = y - 1. Let d(b) = b. Let t(p) = -3*d(p) + z(p). What is t(o)?
9
Let y(c) = -7*c**2 + c - 1. Let v = -7 + 10. Suppose 2*p = -v*p + 5. Give y(p).
-7
Let x(k) = k**3 - 24*k**2 - 27*k + 44. Let h be x(25). Let i(j) = -2*j**2 - 2 + 8 + 3*j**2 + 7*j. What is i(h)?
0
Let b(u) = -2*u**3 - 2*u + 4. Let m(p) = -p**3 + 1. Let i(w) = -b(w) + 3*m(w). Suppose a + 7 = -0. Let l = a - -8. What is i(l)?
0
Let f be (-2)/4*(1 - 1). Let y = 1 + f. Let m(v) = -3*v + v - 7*v + 4*v. Calculate m(y).
-5
Let k(g) = -6*g - 3. Let w(a) = a. Let v(o) = k(o) + 5*w(o). Suppose 33 = -5*m - 0*n + n, 15 = -3*m - n. What is v(m)?
3
Suppose p = 3*c - 5 - 5, -4*c + 4 = p. Let o(t) = 4*t**2 - 4*t - c*t**3 - 10*t**2 + t**3 - 3 + 9. What is o(-5)?
1
Let f(z) be the third derivative of -z**4/24 + 5*z**3/3 - 70*z**2. Give f(0).
10
Let a(m) be the first derivative of -3 - 4*m - 1/2*m**2. Calculate a(3).
-7
Let m be (12 + -4 - 5) + 3*2. Let i(k) = k**2 - 10*k + 3. What is i(m)?
-6
Suppose 0 = h - 3 - 1, c = -3*h + 13. Suppose -2*j = -b - c, 2*b + 0 - 2 = 2*j. Let l(o) be the first derivative of o**3/3 - 2*o**2 - o + 9. Calculate l(b).
-4
Let a(j) be the first derivative of j**2/2 + 9*j - 3. Give a(0).
9
Suppose 5*a - 14 = -134. Let d = a - -22. Let z(x) = -3*x - 3. Give z(d).
3
Let x(u) be the third derivative of -u**7/2520 - u**6/720 + u**5/120 + u**4/12 + u**2. Let t(n) be the second derivative of x(n). Calculate t(0).
1
Let i = 1 - 8. Let a be 60/14 + 2/i. Let s(y) = 1 + 5*y + 2*y**3 - a*y - 3*y**3 - y**2. Determine s(-2).
3
Let m(t) = 2*t**2 - t + 1. Suppose 0*j + 15 = -3*j. Let w be -3 + 2 + (-2 - j). Give m(w).
7
Let q(x) = -5*x**2 + 10*x - 7. Let h(s) = 6*s**2 - 11*s + 8. Let l(u) = 4*h(u) + 5*q(u). Let g be l(4). Let v(n) = -5*n + 4*n**2 - 3 - 1 - 3*n**2. What is v(g)?
-4
Let j(a) = a + 7. Let y(d) = -2*d**3 + d**2 + d + 1. Let g be y(-1). Suppose -g*r + r = 10. Let h = r + 2. Calculate j(h).
4
Let o(w) = -w**2 - 3*w + 7. Let m(s) = s + 1. Let z be m(6). Suppose -z*d = -2*d + 30. Give o(d).
-11
Let v(q) = q + 16. Let y be v(-10). Suppose l = -l - y. Let n(s) = 4*s. Give n(l).
-12
Let m(y) = -2*y**3 - 3*y**2 + 3*y + 5. Let b(s) = 3*s**3 + 7*s**2 - 5*s - 9. Let c(k) = 3*b(k) + 5*m(k). Calculate c(6).
-2
Let x(u) = u**2 - 2*u + 4. Let b(d) = -d + 1. Let o(f) = -6*b(f) + x(f). Calculate o(-3).
-5
Suppose -5*t = -3*j - 2, t + 18 = -2*t - 3*j. Let n(g) = -3*g + 2. Give n(t).
8
Let u(y) = -y**2 - 6*y - 4. Let z be u(-5). Let f be (z + -1)/1 + 1. Let r(q) = 3*q - 3*q + 6*q. Determine r(f).
6
Suppose 4*b + 1 - 21 = 0. Let k(u) = -3*u - 7. Calculate k(b).
-22
Suppose -3*u = -6*u. Let v(i) = -i**2 - 6*i - 3*i - 3*i - 4 + 13*i. Give v(u).
-4
Suppose 2*z = 5*z + 18. Let l(h) = -2*h - 8. Let n be l(z). Let s(j) = 4*j + 6 - j - n*j. Calculate s(3).
3
Let p = -1 - -2. Let o(n) = n**2 - 2*n - 1. Let i(m) = 8*m**3 + 4*m**2 - 9*m - 6. Let t(v) = i(v) - 5*o(v). What is t(p)?
7
Let z be 2/8 - (-2)/(-8). Let s be 12 - 3/(0 + 1). Let v(w) = -18 + 9 + w + s. Calculate v(z).
0
Let j(v) = v**2 + 5*v + 2. Let k be 2/(-2 + 1) - 3. Determine j(k).
2
Let w(i) = -i**2 - 7*i + 5. Suppose 5*p = -0*p + 2*k + 2, -3*p - 3 = 3*k. Suppose 2*u - y + 21 = p, y + 0*y - 5 = 0. What is w(u)?
-3
Suppose -5*y - 2*p + 16 = 0, 3*p = -4*y + 7*p - 4. Let d(f) = -5*f**2 + 4 - y*f**3 + f**3 - 3*f + 0*f**3. Determine d(-4).
0
Let b(v) = v**3 - 6*v**2 + 4. Let q be b(6). Let u(l) = -2 + l**2 - q + 0 - 4*l. Determine u(5).
-1
Let z(x) = -x**2 - 7*x - 7. Let d be z(-5). Let f(o) = -o**2 + 7*o - 3. Let y(g) = g**2 - 6*g + 2. Let r(i) = d*f(i) + 4*y(i). Let s = -5 + 7. Calculate r(s).
-3
Suppose v = 6*v - 15. Let a(z) be the third derivative of -z**6/120 + z**5/12 - z**4/12 - 31*z**2. Give a(v).
12
Let w(u) = -u - 6. Let x be w(-10). Let t = 8 - 5. Suppose 0 = k + t*k + x. Let a(r) = 9*r - 1. Give a(k).
-10
Let n(b) = b - 2. Suppose x - 4 = -5*c - 2*x, -3*c + 16 = -5*x. Suppose -8*k + c*k - 30 = 0. Determine n(k).
-7
Let y = -22 + 17. Let v(q) = -q**2 - 4*q - 2. What is v(y)?
-7
Let r = -10 + 8. Let a be ((-1)/r)/((-1)/2). Let x(i) be the third derivative of -i**5/12 + i**2. Determine x(a).
-5
Suppose h = 4*h - 6. Let s(y) = 4*y**2 + 6*y - 4*y**2 + 4*y**2 - 5*y**h. Let x(m) = m**2 - m - 1. Let t be x(3). Calculate s(t).
5
Suppose -3*v + 11 - 5 = 0. Let a(g) be the third derivative of -1/60*g**5 + 1/24*g**4 - 2/3*g**3 + v*g**2 + 0 + 1/120*g**6 + 0*g. Calculate a(0).
-4
Let w(n) = n**3 + 5*n**2 + 4*n + 6. Let o(i) = -6*i + 7. Let u be o(2). Give w(u).
-14
Let i(u) = u**3 - 6*u**2 - 2*u + 5. Let s be 9*((-1)/3 - -1). Give i(s).
-7
Let o(v) = -v**3 - 16*v**2 - 16*v - 15. Let u be o(-15). Let l(y) = -1 - 1 - y + u*y + 0*y. Calculate l(-4).
2
Let r(v) = -3*v - 2. Suppose -8*q - 8 = 16. Calculate r(q).
7
Let a(p) be the second derivative of -p**3/6 + 8*p**2 + 8*p. Let u be a(12). Let q(b) = -b**3 + 3*b**2 + 3*b - 3. Give q(u).
-7
Let v(d) = -d**3 + 8*d**2 - 9*d + 9. Suppose 39 = 5*q + 4. Give v(q).
-5
Let o be (-4)/(-2) - 4 - -3. Let r = o - 2. Let w be ((-6)/18)/(r/(-6)). Let a(v) = -3*v**2 - 4*v - 2. Determine a(w).
-6
Let p(b) be the first derivative of -b**3/3 + b**2/2 - 42. What is p(5)?
-20
Suppose -2*c + 1 = a - 2, -c = -4*a + 3. Let z(f) be the first derivative of 8*f**3/3 + f**2 - f + 2. Calculate z(a).
9
Let u(l) = l**3 + 8*l**2 + 8*l + 10. Let k be u(-7). Suppose k*i - h = -0 - 6, -3*h + 10 = -5*i. Let d(x) = 2*x + 2. What is d(i)?
-2
Let p(f) be the first derivative of f**3/3 + 5*f**2/2 + 3*f + 1. Let w be (-24)/18*3/2. Calculate p(w).
-3
Let s(q) = q**2 - 14*q + 6. Let l be (-6)/24*-7*8. Calculate s(l).
6
Let x(b) = 5*b. Let s(n) = -5*n. Let c(g) = 4*s(g) + 5*x(g). Suppose -3*p - 3*r - 6 = 0, r = 3*p - r - 9. Suppose -7 = -4*d + p. What is c(d)?
10
Let m = -21 + 27. Let f(j) = -j**3 + 7*j**2 - 8*j + 7. What is f(m)?
-5
Let z be 5*(-9)/(-15) - 4. Let b(g) = -3*g + 1 + 6*g + 7*g. Determine b(z).
-9
Suppose n + n - 9 = -3*t, -2*t = -n + 1. Let x(c) = -c + 3*c + n*c**2 - 2*c. What is x(-1)?
3
Let m(w) = 4*w + 7. Let g(p) = -5*p - 8. Let t(o) = -5*g(o) - 6*m(o). Suppose -